- 2*g - 2. Calculate the remainder when (2 + -4)/((-4)/34) is divided by l(k).
5
Suppose 0*h = -2*h - 4*k + 60, h - 12 = 4*k. What is the remainder when 23/(-1)*4/(-2) is divided by h?
22
What is the remainder when (-6)/(-4)*12/27*12 is divided by 3?
2
Let l = 64 + -12. Suppose -l = -0*w - 4*w. What is the remainder when 37 is divided by w?
11
Let q(a) = -a - 23. Let v be q(0). Let u = v + 48. Calculate the remainder when u is divided by 14.
11
Suppose 6*v = 5*v + 30. Calculate the remainder when v is divided by 8.
6
Let i = 43 + 10. Suppose 4*b - 44 - 12 = 0. Calculate the remainder when i is divided by b.
11
Let g be 4/3 - 8/24. Calculate the remainder when 72 - ((-1)/g - -2) is divided by 18.
17
Let b(i) = -2*i - 4. Let o = 31 - 21. Calculate the remainder when o is divided by b(-5).
4
Suppose 4*j - 15 = -j. Suppose 0 = 2*c + j*c. Suppose -w + c*w + 37 = 0. What is the remainder when w is divided by 19?
18
Suppose -2*t + 5*l + 0 = -25, -4*l + 13 = 5*t. Suppose -t*g - 5 = -50. Suppose -4*o - 8 = 0, -38 = -m + o - 11. Calculate the remainder when m is divided by g.
7
Suppose 0 = -2*c - 5*u + 41, -u + 27 = c - 5*u. What is the remainder when 66 is divided by c?
20
Suppose 5*m - 2*m - 5 = 2*z, 0 = -z + 5*m - 6. Let o = z - -4. Suppose -2 = -5*v - 3*a, 2*v + o*a - 4*a = 3. Calculate the remainder when 2 is divided by v.
0
Suppose -3*i + 2*g = -46, -5 = -2*i - 5*g - 6. What is the remainder when (-210)/i*(-8)/10 is divided by 4?
2
Let x be (-5)/2 - 1/(-2). Let j(i) = -9*i - 1. Calculate the remainder when j(x) is divided by 9.
8
What is the remainder when 58 is divided by (-46)/(-3) + 2/(-6)?
13
Let q(s) = -s**2 - 12*s - 2. Calculate the remainder when q(-5) is divided by 13.
7
Suppose 0 = 23*g - 9*g - 434. What is the remainder when 153 is divided by g?
29
What is the remainder when (-3 - -53)*(-4 + 52/10) is divided by 33?
27
Let r = 3 - -5. Let i = 41 - 26. What is the remainder when i is divided by r?
7
Suppose -5*l + 4*n = n - 50, 4*n = -2*l + 46. Calculate the remainder when (-1044)/(-28) - 4/14 is divided by l.
11
Let q = -29 + 48. Let n = q - 17. Suppose 11 = -3*g + 32. What is the remainder when g is divided by n?
1
Let h(y) = -3*y + 4. Let z be h(13). Let s = 53 + z. What is the remainder when s is divided by 5?
3
Let w(q) = -q**2 + 5*q + 2. Let g be w(5). Suppose a + 7 = -g*j + 34, 0 = a - 5*j + 8. What is the remainder when a is divided by 6?
5
Let n = 13 - 3. What is the remainder when n is divided by 6?
4
Let d(o) = -3*o - 31. Calculate the remainder when d(-15) is divided by 8.
6
Suppose 0*j = 4*s + 4*j - 36, 3*s - 47 = j. Let c(b) = -10*b + 1. Calculate the remainder when c(-4) is divided by s.
13
Suppose 0 - 6 = 2*v. Calculate the remainder when 85 is divided by (-20)/12*-15 + v.
19
Let c be (-1 - -4 - 0) + 1. Suppose 16 = 5*r + s - 89, c*r = -2*s + 78. What is the remainder when r is divided by 12?
10
Suppose 14 = b - 0. Let r = b - 1. Suppose -u + r = 3. What is the remainder when 28 is divided by u?
8
Suppose -4*g + 8 = -44. Let c = 12 + 38. What is the remainder when c is divided by g?
11
Let y(t) = -3*t + 5*t**2 - 2 - 4*t**2 - 1. Let x be y(4). Calculate the remainder when 34/8*4*x is divided by 9.
8
Suppose -5*j - 33 = -3*g - 0*j, 0 = -4*j. Suppose 4*b - h - 3*h - 140 = 0, -b + 45 = h. Calculate the remainder when b is divided by g.
7
Let r(h) = 2*h**2 + 15*h - 2. What is the remainder when 92 is divided by r(-9)?
17
Let q = 9 - 9. Suppose q = 4*n - 3*h - 175, h + 173 = 4*n - 0*h. Calculate the remainder when n is divided by 15.
13
Let m = -9 - -14. Let j = m - -3. Suppose 5*n = -a + 48, 2*a + a = 3*n + 54. Calculate the remainder when a is divided by j.
7
Suppose 9 = -3*p - 3*g, -2*p + 5*g - 2*g = -14. Let u = 16 + -10. What is the remainder when p is divided by u/(-9) - (-5)/3?
0
Suppose -14 = 2*t - 3*t - 3*r, 3*t - 5*r - 98 = 0. What is the remainder when 129 is divided by t?
25
What is the remainder when 35 is divided by 87/9 + 18/(-27)?
8
Let c(v) = -v**3 - 10*v**2 + 9*v + 4. Calculate the remainder when 127 is divided by c(-11).
23
Let i(b) be the second derivative of b**4/4 - b**3/3 - 3*b**2/2 - 2*b. What is the remainder when i(5) is divided by 21?
20
Let x = -6 + 8. Calculate the remainder when 7 is divided by x.
1
Let g be 29*(-3)/((-6)/(-2)). Let x = 48 + g. Suppose 0*b = -4*b + 40. What is the remainder when x is divided by b?
9
Let s(x) = 22*x - 1. Suppose 6 - 21 = -d. What is the remainder when s(2) is divided by d?
13
Suppose -2*t = -4*n - 98, -n + 8 = 3*n. Let s = 25 - -3. Calculate the remainder when t is divided by s.
25
Let b(n) = 23*n**3 - 2*n**2 + n. What is the remainder when 107 is divided by b(1)?
19
Suppose -2*p - 3*z + 79 = 0, -5*p - 2*z = z - 184. What is the remainder when 115 is divided by p?
10
Suppose -2*x = x - 42. Calculate the remainder when 41 is divided by x.
13
Let b(w) = -w - 2. Let g be b(-5). Suppose -4*s - 7 = 9. What is the remainder when s*g/(-6) + 6 is divided by 5?
3
Let t(h) = -5*h**3 + 2*h**2 + h. Let j be t(-1). Suppose -10 = c - j*c. What is the remainder when 8 is divided by ((-2)/3)/(c/(-9))?
2
Let r(x) = -x - 6. Let o be r(-8). Suppose o*g - 3*g - 2 = 0, 5*g - 15 = -5*j. Calculate the remainder when j is divided by 4.
1
Suppose 0*u - u = -11. Calculate the remainder when (-35)/(-3)*18/5 is divided by u.
9
Suppose 0*w = -4*w - 140. Let l = -18 - w. Calculate the remainder when l is divided by 9.
8
Suppose -15 = -3*q - 0. Suppose 4*j - 3*r + 0*r = -42, -q*r + 10 = 0. Let n(k) = k**2 + 4*k + 7. What is the remainder when n(j) is divided by 18?
16
Suppose 25 = 9*c - 11. What is the remainder when (-58)/(-6) - 4/6 is divided by c?
1
Let q = -9 + 22. What is the remainder when 50 is divided by q?
11
Let w(l) = -l - 50. Let o(g) = -1. Let v(p) = -o(p) - w(p). What is the remainder when v(0) is divided by 18?
15
Let z(h) = -8*h + 4*h + 9*h + 7 + h**2. Calculate the remainder when 49 is divided by z(-6).
10
Suppose 341 - 61 = 4*q. Suppose -4*f - f + q = 0. Calculate the remainder when 39 is divided by f.
11
Suppose -8*t = -107 - 141. Calculate the remainder when 108 is divided by t.
15
Let m(s) = s**3 - 15*s**2 - 16*s + 20. Calculate the remainder when 77 is divided by m(16).
17
What is the remainder when 43 is divided by (-4)/((-3)/3) + 15 + -8?
10
Let t(j) = j**3 + 6*j**2 - 2*j + 3. Let d be -6*(-1)/2 - 2. Let r be d + 9/(-1) - -2. Calculate the remainder when 29 is divided by t(r).
14
Let u(c) = -4*c**2 - 3 - c + 2*c**3 - 4*c**2 + 3*c**2. What is the remainder when u(4) is divided by 21?
20
Let a = -49 - -106. Calculate the remainder when a is divided by 12.
9
Suppose -4*f + 43 = -17. Calculate the remainder when 88 is divided by f.
13
Let k = 8 + 15. Suppose k = 4*d - 5. Calculate the remainder when 13 is divided by d.
6
Let v = 70 + -43. Calculate the remainder when 76 is divided by v.
22
Let h(k) = -k**3 + 5*k**2 + 3. Suppose g = 1 + 9. Calculate the remainder when g is divided by h(5).
1
Let c(p) = -p**3 - 16*p**2 + 16*p - 13. Calculate the remainder when 11 is divided by c(-17).
3
Let o = -73 + 91. What is the remainder when 47 is divided by o?
11
Let t(j) = -j**2 + 15*j - 7. Let g be t(11). Let r = g - 19. Let i = r - 10. What is the remainder when i is divided by 5?
3
Calculate the remainder when 26 is divided by 2 + -5 + 2 + 15.
12
Suppose -2*l = 2*m + 3*m - 82, 2*l - 66 = -4*m. Suppose -3*o + 17 + m = 0. Calculate the remainder when 20 is divided by o.
9
Suppose -2*d + 4*b + 24 = -b, -d + 4*b = -15. Let r = 104 + -99. Calculate the remainder when d is divided by r.
2
Let y(u) = -u**2 - 10*u - 2. What is the remainder when y(-7) is divided by 7?
5
Suppose 48 = n + 3*n. Let k = -2 + 6. What is the remainder when k is divided by n/7 + (-2)/(-7)?
0
Suppose 3*h + h - 68 = 0. What is the remainder when 49 is divided by h?
15
Let m(f) = 42*f - 1. Calculate the remainder when m(1) is divided by 14.
13
Let o = 43 - 31. Calculate the remainder when 93 is divided by o.
9
Suppose -2*p - 14 = 2*b, 2*p + 18 = -3*b - 1. Calculate the remainder when 1 - p - 0 - -4 is divided by 4.
3
Suppose 5*m - 2*m - 4*j = 46, -3*m = -2*j - 50. Let a(r) = 4*r**2 + 4*r - 14. What is the remainder when m is divided by a(2)?
8
Let o be (-4)/3 - 8/12. Calculate the remainder when 247/4 + 1/4 is divi